p + 4*r - 50142 = 0, -p + 10027 = r. What is the tens digit of p?
3
Suppose 0 = -4*b - 2*d + 12, 2*b + 5*d = -0*d + 22. Let h be b*(-4 - 10) - 2. What is the units digit of h/((6/21)/(-1))?
6
Let t be 1/(8*(-14)/(-24976)). Let s(z) = z - 5. Let y be s(5). Suppose y = 4*d + f - 871, -5*f - t = d - 2*d. What is the units digit of d?
8
Suppose 2336 = 53*w - 45*w. Let m = w - 47. What is the units digit of m?
5
Let p = 160511 - 107595. What is the thousands digit of p?
2
Suppose 16*s = 14*s + 12. Suppose 5*p - 2365 = -5*v, -5*v - 3*p + 2368 = -p. Suppose -s*k = 108 - v. What is the units digit of k?
1
Let r be 2614/(-14) - 16/56. Let u = 667 - r. What is the hundreds digit of u?
8
Suppose 0 = -5*s + s + 2*u + 4902, -4*s - 3*u = -4917. Let d = s + 493. What is the tens digit of d?
2
Let k = 16 - 12. Suppose 116*y - 112*y - 8 = 0. Suppose k*u - 3*h = 486, -3*u + 0*h - y*h = -373. What is the tens digit of u?
2
Let s = 8 - 45. Let f = s + 37. Suppose 4*u + u - 535 = f. What is the hundreds digit of u?
1
Let k = 47729 + -26091. What is the units digit of k?
8
Suppose 120*s - 10236905 = 465*s - 24949430. What is the hundreds digit of s?
6
Suppose -208728 = -35*u - 1492 + 162749. What is the ten thousands digit of u?
1
Let f be (-2)/4 - (-13)/2. Suppose -2060 = -5*z - 5*g, 2 = -40*g + 42*g. Suppose f*v + z = 9*v. What is the tens digit of v?
3
Suppose -2*p = -2*k + 2*p + 398, -k = -5*p - 184. Suppose -2*f - 98 = m, f - 2*f = 4*m + 42. Let i = f + k. What is the hundreds digit of i?
1
Suppose 14*i = 36*i - 518760. What is the ten thousands digit of i?
2
Suppose -3*y - 3*h = -20 - 22, 2*y - 24 = -4*h. What is the tens digit of 6213/12 - 12/y?
1
What is the tens digit of (8*3/6 - (-9276 - 33)) + 3?
1
Suppose h - 67 - 28 = 0. Let g(b) = -b**3 + 18*b**2 + 21*b - 79. Let r be g(19). Let o = h + r. What is the tens digit of o?
5
Suppose -11*r - 38805 = -16*r + 12530. What is the thousands digit of r?
0
Suppose 4*p - 3*v = -436, -6*p - 4*v = -3*p + 302. Let a = p - -64. What is the units digit of 3 - -1 - (0 + a)?
6
Suppose -461*w + 34218817 = 118*w + 11604814. What is the hundreds digit of w?
0
Let a = 85 - 61. Let o = a - -523. What is the hundreds digit of o?
5
Let l(u) = 44*u**2 + 5*u + 4. Suppose 0 = -3*a + 4*d + 19, 4*d - 4 = 5*d. Let s be 10/40*-4*a. What is the units digit of l(s)?
3
Let z = 222 - 222. Suppose -4*y + 1882 = -z*y - g, 0 = y + 2*g - 475. What is the tens digit of y?
7
Suppose 29*r - 31*r = 12. What is the tens digit of 368 + -8 - (0 + r)?
6
Let y(a) = -5*a + 22. Let o be y(2). Suppose 0 = 4*p + 2*g - 6*g - 180, -4*p - 3*g = -194. Let i = o + p. What is the units digit of i?
9
Let z(f) = 13*f**2 + 13. Suppose -56 = 84*x - 76*x. What is the tens digit of z(x)?
5
Suppose 0 = 3*t + s - 35, -13*t + 8*t = 4*s - 42. Let n(c) = 49 + c + 3*c + 2*c. What is the hundreds digit of n(t)?
1
Let p(r) = -5*r**3 - 2*r**2 - 2. Suppose -23*k = -24*k + 6. Suppose -9 = f - k. What is the tens digit of p(f)?
1
Let p = 17959 + -7982. What is the thousands digit of p?
9
Let b(v) be the third derivative of 0 - 13/8*v**4 + 0*v + 15*v**2 - 1/3*v**3. What is the hundreds digit of b(-6)?
2
Let u(j) = 11716*j**2 - 816*j + 1637. What is the ten thousands digit of u(2)?
4
Suppose 0 = -15*f + 12560 + 29650. Suppose -x = 3*x - u - 2253, -5*x - u + f = 0. What is the units digit of x?
3
Suppose -f - 4*r - 3 = -27, 5*f = 3*r + 5. Suppose 0 = s - f, -3*u + 4*s - 3*s + 2870 = 0. What is the hundreds digit of u?
9
Let c(n) = 2*n**3 - n**2 - 14*n - 16. Let b = -56 + 50. Let z be c(b). What is the units digit of z/(-4) - (0 + 1)?
9
Suppose -433 - 383 = 6*x. Let s = x - -145. What is the units digit of s?
9
Let v = -437 - -426. Let f(r) = -89*r - 34. What is the hundreds digit of f(v)?
9
Let i = -8 + 10. Let v be (4 - 4)*(1 - i). What is the units digit of 0 - v - 4*-1?
4
Let t(u) = -u**2 + u - 1. Let c(z) = -794*z**2 + 5*z - 9. Let h(r) = -c(r) + 6*t(r). What is the hundreds digit of h(-1)?
7
Let c be (60/(-90))/(2/(-15)). Suppose -5*x = c*h - 5685, 0*x + 5703 = 5*h - x. What is the thousands digit of h?
1
Suppose 9*r - 4*r + 3*i = 793, -5*i - 311 = -2*r. Suppose 5*j + 3*a + 107 = 351, 3*j - 4*a = r. Let w = -17 + j. What is the tens digit of w?
3
Let b(m) = -3*m**3 + m**2 + m - 2. Let h(c) = -2*c - 13. Let w be h(-7). Suppose n + w + 2 = 0. What is the tens digit of b(n)?
8
Suppose 5*q + 35*q = -94080. What is the hundreds digit of 4 - ((q/3 - -4) + -2)?
7
Let r(s) be the third derivative of s**5/10 + 5*s**4/12 + 4*s**3 + 22*s**2. What is the hundreds digit of r(-6)?
1
Let u be (-6112)/(-28) - -7 - (-2)/(-7). Suppose -u = -d + 221. What is the tens digit of d?
4
Let r(h) = -40*h - 4. Let g be r(-3). Let s(k) = 3*k**3 - 87*k**2 + 17. Let d be s(29). Let l = g + d. What is the units digit of l?
3
Suppose -t = 5*g - 40438, t = 2*g + 56439 - 16001. What is the ten thousands digit of t?
4
Let j be (-7)/2*-2 + 60/(-20). Suppose -j*r + 0*r = i - 2, -5*i = 4*r - 10. What is the tens digit of i*1/(1/20)?
4
Let k(a) = 40*a**2 + 20*a - 70. What is the units digit of k(-8)?
0
Let q(w) be the second derivative of -w**5/20 + 5*w**4/2 - 11*w**3/3 - w**2/2 - 104*w. What is the units digit of q(29)?
2
Let p be (19/(-2))/(13/364*14). Let y(k) = 2*k**2 - 7*k + 55. What is the hundreds digit of y(p)?
9
Let l be 41160/50*(-70)/(-3). What is the hundreds digit of (l/12)/7*(-6)/(-2)?
6
Let t be 14/(-10) + 3 - 6/10. Let u = 130 + t. What is the hundreds digit of u?
1
Let r = 6150 + -1964. What is the tens digit of r?
8
Suppose -11*n - 36 = -113. Suppose -1394 = -n*y + 69. What is the tens digit of y?
0
Suppose 5*y + 16 = -2*u + 4*y, -y - 22 = 3*u. Let i be u/(-4) - 1 - 75/(-30). Suppose 0 = 4*p + i*g - 5*g - 248, -136 = -2*p + 4*g. What is the tens digit of p?
6
Let h(u) = -12*u**3 - 2*u**2. Let b be h(1). Let k = b + 17. Suppose 4*v - 529 = t, -3*v + k*t + 69 = -321. What is the tens digit of v?
3
Let s(i) = -i**3 - 7*i**2 - 7*i + 2. Let l = 16 - 22. Let x be s(l). Suppose -x = -c - j + 73, 0 = 3*c - j - 239. What is the tens digit of c?
8
Suppose 332*l = 334*l - 110. Suppose 0 = -f - n - 2*n + l, -2*n + 130 = 3*f. What is the tens digit of f?
4
What is the tens digit of 8931/(-2)*(10 - 510/45)?
5
Suppose 0*a - 4*a = -3*g + 35, -g - 2*a + 15 = 0. Suppose -12*i + 24 = -g*i. Let y = -13 - i. What is the units digit of y?
1
Suppose 3*f + 4*a = 6*a + 94, 4*a = -8. Suppose f*o = 23*o + 14. Suppose 160 = 3*s + o*s. What is the tens digit of s?
3
Suppose 7*d - 52289 - 91225 = 0. Suppose -28*q = 6*q - d. What is the hundreds digit of q?
6
Let w be 0 + 20/(-5) + -512. Let a = -147 - w. Suppose 5*o - a = -29. What is the tens digit of o?
6
Let p = -39 - -61. Let v = p - 20. Suppose 3*h = -v*h + 5*k + 155, 5*h = -k + 185. What is the tens digit of h?
3
Suppose 4*x - 2*n = 222584, -3*x = -6*n + 3*n - 166944. What is the thousands digit of x?
5
Let x(r) be the first derivative of r**4/2 + r**3/3 - r**2 - 4*r - 19. Let v be x(-2). Let l(j) = -2*j**3 - 23*j**2 + 12*j + 1. What is the units digit of l(v)?
1
Let q be ((-546)/(-9) - -5) + (-10)/15. What is the tens digit of q + (-4 - (4 + -1))?
5
Let h(s) = -s. Let j be h(4). Let p(d) = -31*d - 1. Let r be p(j). Suppose 58*g + r = 59*g. What is the hundreds digit of g?
1
Let b = 549 + -549. Suppose b = -3*o - t + 1556, 25*o - 20*o - 2593 = -2*t. What is the hundreds digit of o?
5
Let h(a) = 108*a - 25. What is the units digit of h(57)?
1
Let m = 18 - -48. Let r be (-1)/((-10)/12 + 1). Let u = r + m. What is the tens digit of u?
6
Let h = -26 + 45. Suppose 5*f + 4*o = 3*o + 20, -3*f = 2*o - h. Suppose -4*u - 7 = c - 67, f*u = 4*c - 240. What is the units digit of c?
0
Suppose 45*p - 749404 = -69792 - 33997. What is the thousands digit of p?
4
Let i be 21879/(-507) - 1/13*-2. Let y = i + 47. What is the tens digit of ((-14)/3 + y)*-18?
1
Let d = -7 + 161. Let z be ((-90)/(-27))/((-15)/(-18)). Suppose -b - d = -3*t, -z*t + 202 = -4*b + 2*b. What is the units digit of t?
3
Let n(r) = -r**2 - 10*r - 7. Let c be n(-9). Suppose c*s = -3*f + 4, 14 = 6*f - f - 4*s. Let p(j) = 2*j**3 - j**2 + 3*j - 2. What is the tens digit of p(f)?
1
Suppose -15474 = -4*s - h - 154, -2*h + 3823 = s. What is the hundreds digit of s?
8
Let b(n) be the third derivative of n**4/24 - 49*n**3/6